ded by v?
9
Suppose 5*t = 2*v + 2*v + 101, -t + v = -20. Calculate the remainder when 40 is divided by t.
19
Let a be (14/10)/(7/35). Let g(s) = -s - 2*s**2 + a - 5 - 3*s**3 + s**3. Calculate the remainder when 35 is divided by g(-2).
11
Let i(u) = 4*u + 2. Calculate the remainder when i(4) is divided by 10.
8
Let m = 1 + 2. Suppose -p = a - 6, a - m = -3*p + 1. Calculate the remainder when 12 is divided by a.
5
Suppose 6 = -m + 2*r, 3*m + 0*r = -4*r + 2. Let k be 4 + -7 - (20 + m). Let f = k + 34. Calculate the remainder when 51 is divided by f.
12
Let z = 180 - 113. Calculate the remainder when z is divided by 14.
11
Suppose 5*s - 38 - 2 = 0. Let b = s + -13. Let w(i) = -3*i + 1. Calculate the remainder when 46 is divided by w(b).
14
Suppose 9*g + 111 = 4*h + 4*g, 2*g + 30 = h. Calculate the remainder when h is divided by 3.
0
Suppose 3*c - 46 + 4 = 0. Let i be 3 + -4 + 44 + -2. Let r = 0 + i. Calculate the remainder when r is divided by c.
13
Let t = -3 - -32. Calculate the remainder when 78 is divided by t.
20
Let f(p) = p + 3. Let z be f(0). Let c(m) = 9*m - 2. Let i(r) = 8*r - 2. Let j(y) = -3*c(y) + 4*i(y). Calculate the remainder when 24 is divided by j(z).
11
Let w(t) = -t + 25. Suppose 5*a + 6 = 81. Calculate the remainder when a is divided by w(17).
7
Let u(c) = -c**3 - 5*c**2 + 3*c - 7. Let l = 25 - -64. Let w = l + -58. Calculate the remainder when w is divided by u(-6).
9
Let q(d) = -d + 11. Let g be q(8). Let y(l) = 1 - 3*l + l**3 - g*l**2 + 9*l**2 + l**2. What is the remainder when y(-7) is divided by 8?
6
Suppose 0*l = -4*l + 216. Calculate the remainder when l is divided by 14.
12
Let a = 3 + -2. Calculate the remainder when 5 is divided by a.
0
Let i(c) be the third derivative of 0*c - 3*c**2 + 1/12*c**4 + 0 - 5/6*c**3. Calculate the remainder when 7 is divided by i(4).
1
Let i = 16 + -14. Suppose -4*c + j + 195 = 0, -i*j - 145 = -2*c - c. Calculate the remainder when c is divided by 10.
9
Let r(o) = -3*o + 10. What is the remainder when r(-14) is divided by 18?
16
Suppose 1 = 2*d + 7. What is the remainder when 99/3*(-2)/d is divided by 8?
6
Let i(n) = 71*n**2 - 3*n + 2. Calculate the remainder when i(1) is divided by 18.
16
Let g = -92 + 132. What is the remainder when g is divided by 15/10*28/3?
12
Let r be 1 + 58 + (6 - 9). Suppose -4*j + 4*n = -r, -j + 2*j + 2*n = 5. Calculate the remainder when j is divided by 4.
3
Suppose 7*l - 2*l = 295. Calculate the remainder when l is divided by 10.
9
Let s(p) be the first derivative of p**4/4 + 4*p**3/3 + 3*p**2/2 - 2. Let a be s(-2). Calculate the remainder when 3 is divided by 2/(-2) - (a - 5).
1
What is the remainder when 34 is divided by (-42)/(-4)*36/21?
16
Suppose 3*w = -3*x + 288, -1 + 5 = 2*w. What is the remainder when x is divided by 21?
10
Let i = 12 + -11. Suppose 5 + 2 = d. What is the remainder when d is divided by (0 - i) + (4 - -1)?
3
Suppose 0 = 8*c - 4*c - 8. Suppose c*g - 60 = -3*g. What is the remainder when 21 is divided by g?
9
Let o = -19 + -3. Let u = 11 + -18. Let x = u - o. What is the remainder when 44 is divided by x?
14
Let u = -49 + 82. What is the remainder when u is divided by 2*-1*(-18)/4?
6
Let s(u) be the second derivative of -u**3/6 - u**2/2 - u. What is the remainder when -1 - -1 - (1 - 9) is divided by s(-4)?
2
Let v = 4 + -5. Let u be (v + 0)/(2/(-4)). Suppose 5*h + 5*g - 130 = 0, 6*g + 34 = 2*h + u*g. Calculate the remainder when h is divided by 8.
7
Let q(p) = -p**2 + 2*p + 14. Let y be 0*(-2 + (-5)/(-2)). Calculate the remainder when 26 is divided by q(y).
12
Let u = 6 + -5. Let z = u - -2. Suppose f = -z*m + 8*m - 32, -2*f + 26 = 5*m. What is the remainder when m is divided by 4?
2
Suppose -s + 0*g = -3*g - 2, -5*s = -g + 46. What is the remainder when s/(-25) + (-278)/(-5) is divided by 19?
18
Suppose q - 15 = 6*q. Let m be q*(-2)/(-4)*2. Let f = m + 6. Calculate the remainder when f is divided by 2.
1
Let a(z) = -14*z**3 + z. Let f be a(-1). Let s = 9 - f. What is the remainder when 22 is divided by -10*5/(25/s)?
6
Let b = -32 + 50. What is the remainder when 64 is divided by b?
10
Let c = 311 - 190. Calculate the remainder when c is divided by 31.
28
Let j(v) = 6*v - 3. Let f(k) = k + 1. Let r(t) = -t + 1. Let i(z) = -2*f(z) - r(z). Let x be i(-6). Calculate the remainder when 28 is divided by j(x).
13
Let g be 3/(-2) + (-234)/(-12). Suppose -94 = -4*z - 3*l, 60 = 4*z + 5*l - 38. Calculate the remainder when z is divided by 1 + -2 - g/(-2).
6
Suppose -k - 4*k + 242 = -2*f, -236 = -5*k - 4*f. What is the remainder when 189 is divided by k?
45
Let q = 41 + -29. Let y be (-2)/(-10) - (-45)/25. Suppose -y*t + q = -t. What is the remainder when 23 is divided by t?
11
Let x(z) = z**3 - 2*z**2 + z - 2. Let t = 6 + -4. Suppose t*p - 36 = -0*p. Calculate the remainder when x(4) is divided by p.
16
Suppose -3*v + 6 + 21 = 0. Calculate the remainder when 25 is divided by v.
7
Suppose -8*q + 29 = -7*q. Calculate the remainder when q is divided by 6.
5
Suppose 0 = -l + 2*l + 2. Let q(y) = -5*y**3 + y**2 - y - 4. Suppose -4*i - 3*w = -12 - 29, 5*i - 50 = -5*w. Calculate the remainder when q(l) is divided by i.
9
Let p(y) = 6*y**2 - 3*y + 1. Suppose 0 = -5*b + 10 - 0. Calculate the remainder when p(b) is divided by 11.
8
Suppose -3*m + 6*m - 66 = 0. Calculate the remainder when 43 is divided by m.
21
Let j(g) = g + 1. Let i be j(2). Let u(p) = -5 + p + p**i - 3*p - 5*p + 3*p**2. What is the remainder when 13 is divided by u(-4)?
6
Let g(s) = s**3 - 2*s**2 - s + 1. Let u = 7 - -3. Calculate the remainder when g(4) is divided by u.
9
Let k(m) = m**2 + 1. Let p be k(-1). Suppose 0 = p*s + 13 - 3, 307 = 4*f - 3*s. What is the remainder when f is divided by 25?
23
Calculate the remainder when 24 is divided by 0/(-14) + (0 - -5).
4
Let b(d) = 3*d - 1. Let s(r) = -r. Let k(y) = b(y) + 5*s(y). What is the remainder when 1 - 1*-4 - 0 is divided by k(-2)?
2
Suppose -6*k + 20 = -k. Suppose -21 = -k*w - 5. What is the remainder when 15 is divided by w?
3
Let w(m) = -m**3 + 19*m**2 + 22. What is the remainder when 83 is divided by w(19)?
17
Calculate the remainder when 137 is divided by ((-322)/(-21))/((-1)/(-3)).
45
Suppose -h = 5*o - 225, 2*o = -h - 20 + 113. Suppose 0 = 4*b - 0 + 4. What is the remainder when o is divided by b/(-6) + (-534)/(-36)?
14
What is the remainder when 76 is divided by (-120)/(-9)*3/2?
16
Let o(n) = -2*n**3 - 3*n**2 - n - 2. Let f(x) = -2*x - 10. Let t be f(-7). Suppose -k - k - t = 0. Calculate the remainder when 6 is divided by o(k).
2
Let q = -68 + 137. Let v = 116 - q. Calculate the remainder when v is divided by 40/(-6)*12/(-5).
15
Let m(l) = -l**2 - l + 1. Let q be m(4). Calculate the remainder when 37 is divided by (3/3)/((-1)/q).
18
Suppose 0 = 8*m - 10*m + 2. What is the remainder when 7 is divided by m?
0
Suppose -p + 42 = p. Suppose 5*h = p + 4. Calculate the remainder when h is divided by (-2 - 0)*(3 + -4).
1
Let s = 19 + -5. Calculate the remainder when 94 is divided by -12 + s + 15*2.
30
Suppose -30 = -4*r + 50. What is the remainder when r is divided by 7?
6
Let k(t) = 46*t**2. What is the remainder when k(-1) is divided by 13?
7
Calculate the remainder when 49 is divided by 26/(-6)*(-11)/(77/21).
10
Suppose 16 = 6*q - 2*q. Suppose -2*m = -x - 5*m + 16, -2*x + 32 = q*m. What is the remainder when 62 is divided by x?
14
Let v(a) = a + 15. Calculate the remainder when 4 is divided by v(-13).
0
Suppose -20*q + 34 = -18*q. Calculate the remainder when q is divided by 10.
7
Suppose -3*c + 20 = -4*c. What is the remainder when 33 is divided by 2*5/(c/(-24))?
9
Let j = 15 - -1. Suppose 3*r - 88 = -p + 53, r + 4*p = 47. What is the remainder when r is divided by j?
15
Let h(x) be the first derivative of x**4/4 + 5*x**3/3 - x**2/2 + x - 2. Calculate the remainder when h(-3) is divided by 6.
4
Let j = -16 - -18. Suppose -j*k + 7*k - 160 = 0. Let f(g) = 3*g**2 - 4*g + 2. What is the remainder when k is divided by f(3)?
15
Let g be (-2)/(302/100 - 3). Let p = g - -157. What is the remainder when p is divided by 15?
12
Let s(h) = -3*h**3 - 4*h**2 - 4*h - 1. Calculate the remainder when s(-3) is divided by 10/15*13*3 - -3.
27
Let y(n) = 2*n + 12. Let u be y(-5). Suppose 0 = -r + u, -5*r + 19 = i - 3*r. Calculate the remainder wh